{"id":191,"date":"2020-08-14T18:09:11","date_gmt":"2020-08-14T18:09:11","guid":{"rendered":"https:\/\/mariapalet.com\/?page_id=191"},"modified":"2020-08-18T17:23:24","modified_gmt":"2020-08-18T17:23:24","slug":"about-me","status":"publish","type":"page","link":"https:\/\/mariapalet.com\/index.php\/about-me\/","title":{"rendered":"About Me"},"content":{"rendered":"\n<div class=\"wp-block-group is-layout-flow wp-block-group-is-layout-flow\"><div class=\"wp-block-group__inner-container\"><\/div><\/div>\n\n\n\n<div class=\"wp-block-image\"><figure class=\"alignleft size-large is-resized\"><img loading=\"lazy\" decoding=\"async\" src=\"https:\/\/mariapalet.com\/wp-content\/uploads\/2020\/08\/maria-palet.jpg\" alt=\"\" class=\"wp-image-840\" width=\"336\" height=\"304\" srcset=\"https:\/\/mariapalet.com\/wp-content\/uploads\/2020\/08\/maria-palet.jpg 960w, https:\/\/mariapalet.com\/wp-content\/uploads\/2020\/08\/maria-palet-768x698.jpg 768w\" sizes=\"auto, (max-width: 336px) 100vw, 336px\" \/><\/figure><\/div>\n\n\n\n<div class=\"wp-block-group\"><div class=\"wp-block-group__inner-container is-layout-flow wp-block-group-is-layout-flow\">\n<div class=\"wp-block-group\"><div class=\"wp-block-group__inner-container is-layout-flow wp-block-group-is-layout-flow\">\n<p>Hello! My name is Maria Palet, I am an illustrator and I work in my studio in Torrelles de Llobregat (Barcelona). I have illustrated books with Edeb\u00e9, Cosset\u00e0nia, Comanegra, La bonita Ediciones or Nowordbooks and published as an author with Le Pulci Volanti. I also like to write and draw stories and then transform them into simple animations or self publishing books. I also teach illustration to girls and boys. <\/p>\n\n\n\n<p>Hola! em dic Maria Palet, s\u00f3c il.lustradora i treballo al meu estudi a Torrelles de Llobregat (Barcelona) en projectes tant a nivell local com internacional. He il.lustrat llibres amb Edeb\u00e9, Cosset\u00e0nia, Comanegra, La bonita Ediciones o Nowordbooks i publicat com a il.lustradora autora amb Le Pulci Volanti. M&#8217;agrada inventar hist\u00f2ries i dibuixar-les, i transformar-les en petites animacions o en llibres autoeditats. Tamb\u00e9 faig classes d&#8217;il.lustraci\u00f3 a nenes i nens. <\/p>\n\n\n\n<p>\u00a1Hola! me llamo Maria Palet, soy ilustradora y trabajo en mi estudio en Torrelles de Llobregat (Barcelona) en proyectos tanto a nivel local como internacional. He ilustrado libros con Edeb\u00e9, Cosset\u00e0nia, Comanegra, La bonita Ediciones o Nowordbooks y publicado com a ilustradora autora con Le Pulci Volanti. Me gusta inventar historias y dibujarlas, y transformarlas luego en sencillas animaciones o libros autoeditados. Tambi\u00e9n doy clases de ilustraci\u00f3n a ni\u00f1as y ni\u00f1os.<\/p>\n<\/div><\/div>\n<\/div><\/div>\n\n\n\n<p><a href=\"mailto:info@mariapalet.com\">info@mariapalet.com<\/a> \/ +34678903441<\/p>\n\n\n\n<div class=\"wp-block-group\"><div class=\"wp-block-group__inner-container is-layout-flow wp-block-group-is-layout-flow\">\n<div class=\"wp-block-group\"><div class=\"wp-block-group__inner-container is-layout-flow wp-block-group-is-layout-flow\">\n<div class=\"wp-block-image\"><figure class=\"alignleft size-large is-resized\"><a href=\"https:\/\/www.instagram.com\/mariapalet\"><img loading=\"lazy\" decoding=\"async\" src=\"https:\/\/mariapalet.com\/wp-content\/uploads\/2020\/08\/instagram.jpg\" alt=\"\" class=\"wp-image-884\" width=\"45\" height=\"49\"\/><\/a><\/figure><\/div>\n<\/div><\/div>\n\n\n\n<div class=\"wp-block-image\"><figure class=\"alignleft size-large is-resized\"><a href=\"https:\/\/www.linkedin.com\/in\/maria-palet-tort-80826a60\/?originalSubdomain=es\"><img loading=\"lazy\" decoding=\"async\" src=\"https:\/\/mariapalet.com\/wp-content\/uploads\/2020\/08\/linkedin.jpg\" alt=\"\" class=\"wp-image-885\" width=\"47\" height=\"51\"\/><\/a><\/figure><\/div>\n\n\n\n<div class=\"wp-block-image\"><figure class=\"alignleft size-large is-resized\"><a href=\"https:\/\/twitter.com\/maria_palet\"><img loading=\"lazy\" decoding=\"async\" src=\"https:\/\/mariapalet.com\/wp-content\/uploads\/2020\/08\/twitter.jpg\" alt=\"\" class=\"wp-image-886\" width=\"46\" height=\"50\"\/><\/a><\/figure><\/div>\n\n\n\n<div class=\"wp-block-image\"><figure class=\"alignleft size-large is-resized\"><a href=\"http:\/\/mariailustrations.blogspot.com\"><img loading=\"lazy\" decoding=\"async\" src=\"https:\/\/mariapalet.com\/wp-content\/uploads\/2020\/08\/blogger.jpg\" alt=\"\" class=\"wp-image-883\" width=\"48\" height=\"52\"\/><\/a><\/figure><\/div>\n<\/div><\/div>\n","protected":false},"excerpt":{"rendered":"<p>Hello! My name is Maria Palet, I am an illustrator and I work in my studio in Torrelles de Llobregat (Barcelona). I have illustrated books with Edeb\u00e9, Cosset\u00e0nia, Comanegra, La bonita Ediciones or Nowordbooks and published as an author with Le Pulci Volanti. I also like to write and draw stories and then transform them [&hellip;]<\/p>\n","protected":false},"author":1,"featured_media":0,"parent":0,"menu_order":0,"comment_status":"closed","ping_status":"closed","template":"templates\/builder-fullwidth-std.php","meta":{"footnotes":""},"class_list":["post-191","page","type-page","status-publish","hentry"],"yoast_head":"<!-- This site is optimized with the Yoast SEO plugin v27.4 - https:\/\/yoast.com\/product\/yoast-seo-wordpress\/ -->\n<title>About Me - maria palet<\/title>\n<meta name=\"robots\" content=\"index, follow, max-snippet:-1, max-image-preview:large, max-video-preview:-1\" \/>\n<link rel=\"canonical\" href=\"https:\/\/mariapalet.com\/index.php\/about-me\/\" \/>\n<meta property=\"og:locale\" content=\"ca_ES\" \/>\n<meta property=\"og:type\" content=\"article\" \/>\n<meta property=\"og:title\" content=\"About Me - maria palet\" \/>\n<meta property=\"og:description\" content=\"Hello! My name is Maria Palet, I am an illustrator and I work in my studio in Torrelles de Llobregat (Barcelona). I have illustrated books with Edeb\u00e9, Cosset\u00e0nia, Comanegra, La bonita Ediciones or Nowordbooks and published as an author with Le Pulci Volanti. I also like to write and draw stories and then transform them [&hellip;]\" \/>\n<meta property=\"og:url\" content=\"https:\/\/mariapalet.com\/index.php\/about-me\/\" \/>\n<meta property=\"og:site_name\" content=\"maria palet\" \/>\n<meta property=\"article:modified_time\" content=\"2020-08-18T17:23:24+00:00\" \/>\n<meta property=\"og:image\" content=\"https:\/\/mariapalet.com\/wp-content\/uploads\/2020\/08\/maria-palet.jpg\" \/>\n<meta name=\"twitter:card\" content=\"summary_large_image\" \/>\n<meta name=\"twitter:label1\" content=\"Temps estimat de lectura\" \/>\n\t<meta name=\"twitter:data1\" content=\"1 minut\" \/>\n<script type=\"application\/ld+json\" class=\"yoast-schema-graph\">{\"@context\":\"https:\\\/\\\/schema.org\",\"@graph\":[{\"@type\":\"WebPage\",\"@id\":\"https:\\\/\\\/mariapalet.com\\\/index.php\\\/about-me\\\/\",\"url\":\"https:\\\/\\\/mariapalet.com\\\/index.php\\\/about-me\\\/\",\"name\":\"About Me - maria palet\",\"isPartOf\":{\"@id\":\"https:\\\/\\\/mariapalet.com\\\/#website\"},\"primaryImageOfPage\":{\"@id\":\"https:\\\/\\\/mariapalet.com\\\/index.php\\\/about-me\\\/#primaryimage\"},\"image\":{\"@id\":\"https:\\\/\\\/mariapalet.com\\\/index.php\\\/about-me\\\/#primaryimage\"},\"thumbnailUrl\":\"https:\\\/\\\/mariapalet.com\\\/wp-content\\\/uploads\\\/2020\\\/08\\\/maria-palet.jpg\",\"datePublished\":\"2020-08-14T18:09:11+00:00\",\"dateModified\":\"2020-08-18T17:23:24+00:00\",\"breadcrumb\":{\"@id\":\"https:\\\/\\\/mariapalet.com\\\/index.php\\\/about-me\\\/#breadcrumb\"},\"inLanguage\":\"ca\",\"potentialAction\":[{\"@type\":\"ReadAction\",\"target\":[\"https:\\\/\\\/mariapalet.com\\\/index.php\\\/about-me\\\/\"]}]},{\"@type\":\"ImageObject\",\"inLanguage\":\"ca\",\"@id\":\"https:\\\/\\\/mariapalet.com\\\/index.php\\\/about-me\\\/#primaryimage\",\"url\":\"https:\\\/\\\/mariapalet.com\\\/wp-content\\\/uploads\\\/2020\\\/08\\\/maria-palet.jpg\",\"contentUrl\":\"https:\\\/\\\/mariapalet.com\\\/wp-content\\\/uploads\\\/2020\\\/08\\\/maria-palet.jpg\",\"width\":960,\"height\":872},{\"@type\":\"BreadcrumbList\",\"@id\":\"https:\\\/\\\/mariapalet.com\\\/index.php\\\/about-me\\\/#breadcrumb\",\"itemListElement\":[{\"@type\":\"ListItem\",\"position\":1,\"name\":\"Home\",\"item\":\"https:\\\/\\\/mariapalet.com\\\/\"},{\"@type\":\"ListItem\",\"position\":2,\"name\":\"About Me\"}]},{\"@type\":\"WebSite\",\"@id\":\"https:\\\/\\\/mariapalet.com\\\/#website\",\"url\":\"https:\\\/\\\/mariapalet.com\\\/\",\"name\":\"maria palet\",\"description\":\"illustrator \\\/ il.lustradora \\\/ ilustradora\",\"potentialAction\":[{\"@type\":\"SearchAction\",\"target\":{\"@type\":\"EntryPoint\",\"urlTemplate\":\"https:\\\/\\\/mariapalet.com\\\/?s={search_term_string}\"},\"query-input\":{\"@type\":\"PropertyValueSpecification\",\"valueRequired\":true,\"valueName\":\"search_term_string\"}}],\"inLanguage\":\"ca\"}]}<\/script>\n<!-- \/ Yoast SEO plugin. -->","yoast_head_json":{"title":"About Me - maria palet","robots":{"index":"index","follow":"follow","max-snippet":"max-snippet:-1","max-image-preview":"max-image-preview:large","max-video-preview":"max-video-preview:-1"},"canonical":"https:\/\/mariapalet.com\/index.php\/about-me\/","og_locale":"ca_ES","og_type":"article","og_title":"About Me - maria palet","og_description":"Hello! My name is Maria Palet, I am an illustrator and I work in my studio in Torrelles de Llobregat (Barcelona). I have illustrated books with Edeb\u00e9, Cosset\u00e0nia, Comanegra, La bonita Ediciones or Nowordbooks and published as an author with Le Pulci Volanti. I also like to write and draw stories and then transform them [&hellip;]","og_url":"https:\/\/mariapalet.com\/index.php\/about-me\/","og_site_name":"maria palet","article_modified_time":"2020-08-18T17:23:24+00:00","og_image":[{"url":"https:\/\/mariapalet.com\/wp-content\/uploads\/2020\/08\/maria-palet.jpg","type":"","width":"","height":""}],"twitter_card":"summary_large_image","twitter_misc":{"Temps estimat de lectura":"1 minut"},"schema":{"@context":"https:\/\/schema.org","@graph":[{"@type":"WebPage","@id":"https:\/\/mariapalet.com\/index.php\/about-me\/","url":"https:\/\/mariapalet.com\/index.php\/about-me\/","name":"About Me - maria palet","isPartOf":{"@id":"https:\/\/mariapalet.com\/#website"},"primaryImageOfPage":{"@id":"https:\/\/mariapalet.com\/index.php\/about-me\/#primaryimage"},"image":{"@id":"https:\/\/mariapalet.com\/index.php\/about-me\/#primaryimage"},"thumbnailUrl":"https:\/\/mariapalet.com\/wp-content\/uploads\/2020\/08\/maria-palet.jpg","datePublished":"2020-08-14T18:09:11+00:00","dateModified":"2020-08-18T17:23:24+00:00","breadcrumb":{"@id":"https:\/\/mariapalet.com\/index.php\/about-me\/#breadcrumb"},"inLanguage":"ca","potentialAction":[{"@type":"ReadAction","target":["https:\/\/mariapalet.com\/index.php\/about-me\/"]}]},{"@type":"ImageObject","inLanguage":"ca","@id":"https:\/\/mariapalet.com\/index.php\/about-me\/#primaryimage","url":"https:\/\/mariapalet.com\/wp-content\/uploads\/2020\/08\/maria-palet.jpg","contentUrl":"https:\/\/mariapalet.com\/wp-content\/uploads\/2020\/08\/maria-palet.jpg","width":960,"height":872},{"@type":"BreadcrumbList","@id":"https:\/\/mariapalet.com\/index.php\/about-me\/#breadcrumb","itemListElement":[{"@type":"ListItem","position":1,"name":"Home","item":"https:\/\/mariapalet.com\/"},{"@type":"ListItem","position":2,"name":"About Me"}]},{"@type":"WebSite","@id":"https:\/\/mariapalet.com\/#website","url":"https:\/\/mariapalet.com\/","name":"maria palet","description":"illustrator \/ il.lustradora \/ ilustradora","potentialAction":[{"@type":"SearchAction","target":{"@type":"EntryPoint","urlTemplate":"https:\/\/mariapalet.com\/?s={search_term_string}"},"query-input":{"@type":"PropertyValueSpecification","valueRequired":true,"valueName":"search_term_string"}}],"inLanguage":"ca"}]}},"_links":{"self":[{"href":"https:\/\/mariapalet.com\/index.php\/wp-json\/wp\/v2\/pages\/191","targetHints":{"allow":["GET"]}}],"collection":[{"href":"https:\/\/mariapalet.com\/index.php\/wp-json\/wp\/v2\/pages"}],"about":[{"href":"https:\/\/mariapalet.com\/index.php\/wp-json\/wp\/v2\/types\/page"}],"author":[{"embeddable":true,"href":"https:\/\/mariapalet.com\/index.php\/wp-json\/wp\/v2\/users\/1"}],"replies":[{"embeddable":true,"href":"https:\/\/mariapalet.com\/index.php\/wp-json\/wp\/v2\/comments?post=191"}],"version-history":[{"count":23,"href":"https:\/\/mariapalet.com\/index.php\/wp-json\/wp\/v2\/pages\/191\/revisions"}],"predecessor-version":[{"id":899,"href":"https:\/\/mariapalet.com\/index.php\/wp-json\/wp\/v2\/pages\/191\/revisions\/899"}],"wp:attachment":[{"href":"https:\/\/mariapalet.com\/index.php\/wp-json\/wp\/v2\/media?parent=191"}],"curies":[{"name":"wp","href":"https:\/\/api.w.org\/{rel}","templated":true}]}}